{"id":23,"date":"2024-02-21T00:53:58","date_gmt":"2024-02-21T00:53:58","guid":{"rendered":"https:\/\/besafegroup.cv\/?page_id=23"},"modified":"2024-04-17T16:26:44","modified_gmt":"2024-04-17T16:26:44","slug":"a-green-safe","status":"publish","type":"page","link":"https:\/\/besafegroup.cv\/?page_id=23","title":{"rendered":"GREEN SAFE"},"content":{"rendered":"\t\t<div data-elementor-type=\"wp-page\" data-elementor-id=\"23\" class=\"elementor elementor-23\" data-elementor-post-type=\"page\">\n\t\t\t\t<div class=\"elementor-element elementor-element-9ff79f3 e-flex e-con-boxed e-con e-parent\" data-id=\"9ff79f3\" data-element_type=\"container\" data-settings=\"{&quot;content_width&quot;:&quot;boxed&quot;}\" data-core-v316-plus=\"true\">\n\t\t\t\t\t<div class=\"e-con-inner\">\n\t\t<div class=\"elementor-element elementor-element-7806080 e-flex e-con-boxed e-con e-child\" data-id=\"7806080\" data-element_type=\"container\" data-settings=\"{&quot;content_width&quot;:&quot;boxed&quot;}\">\n\t\t\t\t\t<div class=\"e-con-inner\">\n\t\t\t\t<div class=\"elementor-element elementor-element-ac58860 elementor-widget elementor-widget-text-editor\" data-id=\"ac58860\" data-element_type=\"widget\" data-widget_type=\"text-editor.default\">\n\t\t\t\t<div class=\"elementor-widget-container\">\n\t\t\t<style>\/*! elementor - v3.19.0 - 07-02-2024 *\/\n.elementor-widget-text-editor.elementor-drop-cap-view-stacked .elementor-drop-cap{background-color:#69727d;color:#fff}.elementor-widget-text-editor.elementor-drop-cap-view-framed .elementor-drop-cap{color:#69727d;border:3px solid;background-color:transparent}.elementor-widget-text-editor:not(.elementor-drop-cap-view-default) .elementor-drop-cap{margin-top:8px}.elementor-widget-text-editor:not(.elementor-drop-cap-view-default) .elementor-drop-cap-letter{width:1em;height:1em}.elementor-widget-text-editor .elementor-drop-cap{float:left;text-align:center;line-height:1;font-size:50px}.elementor-widget-text-editor .elementor-drop-cap-letter{display:inline-block}<\/style>\t\t\t\t<p>A GREEN SAFE \u00e9 uma empresa que opera para o desenvolvimento sustent\u00e1vel, especializado em consultoria e assist\u00eancia t\u00e9cnica no dom\u00ednio ambiental e social.<\/p>\t\t\t\t\t\t<\/div>\n\t\t\t\t<\/div>\n\t\t\t\t\t<\/div>\n\t\t\t\t<\/div>\n\t\t\t\t\t<\/div>\n\t\t\t\t<\/div>\n\t\t\t\t<section class=\"elementor-section elementor-top-section elementor-element elementor-element-b786b19 we-offer elementor-section-boxed elementor-section-height-default elementor-section-height-default\" data-id=\"b786b19\" data-element_type=\"section\" data-settings=\"{&quot;background_background&quot;:&quot;classic&quot;}\">\n\t\t\t\t\t\t<div class=\"elementor-container elementor-column-gap-default\">\n\t\t\t\t\t<div class=\"elementor-column elementor-col-100 elementor-top-column elementor-element elementor-element-35523ea\" data-id=\"35523ea\" data-element_type=\"column\">\n\t\t\t<div class=\"elementor-widget-wrap elementor-element-populated\">\n\t\t\t\t\t\t<section class=\"elementor-section elementor-inner-section elementor-element elementor-element-5926fad elementor-section-boxed elementor-section-height-default elementor-section-height-default\" data-id=\"5926fad\" data-element_type=\"section\">\n\t\t\t\t\t\t<div class=\"elementor-container elementor-column-gap-default\">\n\t\t\t\t\t<div class=\"elementor-column elementor-col-100 elementor-inner-column elementor-element elementor-element-664364c\" data-id=\"664364c\" data-element_type=\"column\">\n\t\t\t<div class=\"elementor-widget-wrap elementor-element-populated\">\n\t\t\t\t\t\t<div class=\"elementor-element elementor-element-62880cb elementor-position-left elementor-widget__width-initial elementor-widget-tablet__width-initial elementor-widget-mobile__width-inherit animated-slow elementor-vertical-align-top elementor-invisible elementor-widget elementor-widget-image-box\" data-id=\"62880cb\" data-element_type=\"widget\" data-settings=\"{&quot;_animation&quot;:&quot;fadeInDown&quot;}\" data-widget_type=\"image-box.default\">\n\t\t\t\t<div class=\"elementor-widget-container\">\n\t\t\t<style>\/*! elementor - v3.19.0 - 07-02-2024 *\/\n.elementor-widget-image-box .elementor-image-box-content{width:100%}@media (min-width:768px){.elementor-widget-image-box.elementor-position-left .elementor-image-box-wrapper,.elementor-widget-image-box.elementor-position-right .elementor-image-box-wrapper{display:flex}.elementor-widget-image-box.elementor-position-right .elementor-image-box-wrapper{text-align:right;flex-direction:row-reverse}.elementor-widget-image-box.elementor-position-left .elementor-image-box-wrapper{text-align:left;flex-direction:row}.elementor-widget-image-box.elementor-position-top .elementor-image-box-img{margin:auto}.elementor-widget-image-box.elementor-vertical-align-top .elementor-image-box-wrapper{align-items:flex-start}.elementor-widget-image-box.elementor-vertical-align-middle .elementor-image-box-wrapper{align-items:center}.elementor-widget-image-box.elementor-vertical-align-bottom .elementor-image-box-wrapper{align-items:flex-end}}@media (max-width:767px){.elementor-widget-image-box .elementor-image-box-img{margin-left:auto!important;margin-right:auto!important;margin-bottom:15px}}.elementor-widget-image-box .elementor-image-box-img{display:inline-block}.elementor-widget-image-box .elementor-image-box-title a{color:inherit}.elementor-widget-image-box .elementor-image-box-wrapper{text-align:center}.elementor-widget-image-box .elementor-image-box-description{margin:0}<\/style><div class=\"elementor-image-box-wrapper\"><figure class=\"elementor-image-box-img\"><img decoding=\"async\" width=\"64\" height=\"64\" src=\"https:\/\/besafegroup.cv\/wp-content\/uploads\/2020\/01\/offer-img5.jpg\" class=\"attachment-full size-full wp-image-950\" alt=\"\" \/><\/figure><div class=\"elementor-image-box-content\"><h3 class=\"elementor-image-box-title\">Avalia\u00e7\u00e3o ambiental e social<\/h3><\/div><\/div>\t\t<\/div>\n\t\t\t\t<\/div>\n\t\t\t\t<div class=\"elementor-element elementor-element-745c7ae elementor-position-left elementor-widget__width-initial elementor-widget-tablet__width-initial elementor-widget-mobile__width-inherit animated-slow elementor-vertical-align-top elementor-invisible elementor-widget elementor-widget-image-box\" data-id=\"745c7ae\" data-element_type=\"widget\" data-settings=\"{&quot;_animation&quot;:&quot;fadeInDown&quot;}\" data-widget_type=\"image-box.default\">\n\t\t\t\t<div class=\"elementor-widget-container\">\n\t\t\t<div class=\"elementor-image-box-wrapper\"><figure class=\"elementor-image-box-img\"><img decoding=\"async\" width=\"64\" height=\"64\" src=\"https:\/\/besafegroup.cv\/wp-content\/uploads\/2020\/01\/offer-img2.jpg\" class=\"attachment-full size-full wp-image-947\" alt=\"\" \/><\/figure><div class=\"elementor-image-box-content\"><h3 class=\"elementor-image-box-title\">Gest\u00e3o ambiental e social<\/h3><\/div><\/div>\t\t<\/div>\n\t\t\t\t<\/div>\n\t\t\t\t<div class=\"elementor-element elementor-element-61a024e elementor-position-left elementor-widget__width-initial elementor-widget-tablet__width-initial elementor-widget-mobile__width-inherit animated-slow elementor-vertical-align-top elementor-invisible elementor-widget elementor-widget-image-box\" data-id=\"61a024e\" data-element_type=\"widget\" data-settings=\"{&quot;_animation&quot;:&quot;fadeInDown&quot;}\" data-widget_type=\"image-box.default\">\n\t\t\t\t<div class=\"elementor-widget-container\">\n\t\t\t<div class=\"elementor-image-box-wrapper\"><figure class=\"elementor-image-box-img\"><img decoding=\"async\" width=\"64\" height=\"64\" src=\"https:\/\/besafegroup.cv\/wp-content\/uploads\/2020\/01\/offer-img1.jpg\" class=\"attachment-full size-full wp-image-946\" alt=\"\" \/><\/figure><div class=\"elementor-image-box-content\"><h3 class=\"elementor-image-box-title\">Conserva\u00e7\u00e3o da natureza e \u00e1reas protegidas<\/h3><\/div><\/div>\t\t<\/div>\n\t\t\t\t<\/div>\n\t\t\t\t<div class=\"elementor-element elementor-element-8fcee33 elementor-position-left elementor-widget__width-initial elementor-widget-tablet__width-initial elementor-widget-mobile__width-inherit animated-slow elementor-vertical-align-top elementor-invisible elementor-widget elementor-widget-image-box\" data-id=\"8fcee33\" data-element_type=\"widget\" data-settings=\"{&quot;_animation&quot;:&quot;fadeInDown&quot;}\" data-widget_type=\"image-box.default\">\n\t\t\t\t<div class=\"elementor-widget-container\">\n\t\t\t<div class=\"elementor-image-box-wrapper\"><figure class=\"elementor-image-box-img\"><img loading=\"lazy\" decoding=\"async\" width=\"64\" height=\"64\" src=\"https:\/\/besafegroup.cv\/wp-content\/uploads\/2020\/01\/offer-img4.jpg\" class=\"attachment-full size-full wp-image-949\" alt=\"\" \/><\/figure><div class=\"elementor-image-box-content\"><h3 class=\"elementor-image-box-title\">Turismo sustent\u00e1vel<\/h3><\/div><\/div>\t\t<\/div>\n\t\t\t\t<\/div>\n\t\t\t\t<div class=\"elementor-element elementor-element-7191713 elementor-position-left elementor-widget__width-initial elementor-widget-tablet__width-initial elementor-widget-mobile__width-inherit animated-slow elementor-vertical-align-top elementor-invisible elementor-widget elementor-widget-image-box\" data-id=\"7191713\" data-element_type=\"widget\" data-settings=\"{&quot;_animation&quot;:&quot;fadeInDown&quot;}\" data-widget_type=\"image-box.default\">\n\t\t\t\t<div class=\"elementor-widget-container\">\n\t\t\t<div class=\"elementor-image-box-wrapper\"><figure class=\"elementor-image-box-img\"><img loading=\"lazy\" decoding=\"async\" width=\"64\" height=\"64\" src=\"https:\/\/besafegroup.cv\/wp-content\/uploads\/2020\/01\/offer-img3.jpg\" class=\"attachment-full size-full wp-image-948\" alt=\"\" \/><\/figure><div class=\"elementor-image-box-content\"><h3 class=\"elementor-image-box-title\">Energia <\/h3><\/div><\/div>\t\t<\/div>\n\t\t\t\t<\/div>\n\t\t\t\t<div class=\"elementor-element elementor-element-66bdbb3 elementor-position-left elementor-widget__width-initial elementor-widget-tablet__width-initial elementor-widget-mobile__width-inherit animated-slow elementor-vertical-align-top elementor-invisible elementor-widget elementor-widget-image-box\" data-id=\"66bdbb3\" data-element_type=\"widget\" data-settings=\"{&quot;_animation&quot;:&quot;fadeInDown&quot;}\" data-widget_type=\"image-box.default\">\n\t\t\t\t<div class=\"elementor-widget-container\">\n\t\t\t<div class=\"elementor-image-box-wrapper\"><figure class=\"elementor-image-box-img\"><img loading=\"lazy\" decoding=\"async\" width=\"64\" height=\"64\" src=\"https:\/\/besafegroup.cv\/wp-content\/uploads\/2020\/01\/offer-img6.jpg\" class=\"attachment-full size-full wp-image-951\" alt=\"\" \/><\/figure><div class=\"elementor-image-box-content\"><h3 class=\"elementor-image-box-title\">Auditoria<\/h3><\/div><\/div>\t\t<\/div>\n\t\t\t\t<\/div>\n\t\t\t\t\t<\/div>\n\t\t<\/div>\n\t\t\t\t\t<\/div>\n\t\t<\/section>\n\t\t\t\t\t<\/div>\n\t\t<\/div>\n\t\t\t\t\t<\/div>\n\t\t<\/section>\n\t\t<div class=\"elementor-element elementor-element-223be3e9 e-flex e-con-boxed e-con e-parent\" data-id=\"223be3e9\" data-element_type=\"container\" data-settings=\"{&quot;content_width&quot;:&quot;boxed&quot;}\" data-core-v316-plus=\"true\">\n\t\t\t\t\t<div class=\"e-con-inner\">\n\t\t\t\t<div class=\"elementor-element elementor-element-a19abe7 elementor-widget elementor-widget-text-editor\" data-id=\"a19abe7\" data-element_type=\"widget\" data-widget_type=\"text-editor.default\">\n\t\t\t\t<div class=\"elementor-widget-container\">\n\t\t\t\t\t\t\t<!-- wp:paragraph --><!-- \/wp:paragraph --><!-- wp:heading -->\n<h2 class=\"wp-block-heading\"><span style=\"color: #6abe52;\">\u00c1REA DE ATUA\u00c7\u00c3O DA GREEN SAFE<\/span><\/h2>\n<!-- \/wp:heading --><!-- wp:paragraph -->\n<p>\u2022 Energia renov\u00e1vel;<\/p>\n<!-- \/wp:paragraph --><!-- wp:paragraph -->\n<p>\u2022 Ambiente;<\/p>\n<!-- \/wp:paragraph --><!-- wp:paragraph -->\n<p>\u2022 Turismo Sustent\u00e1vel.<\/p>\n<!-- \/wp:paragraph --><!-- wp:heading -->\n<h2 class=\"wp-block-heading\"><span style=\"color: #6abe52;\">SERVI\u00c7OS DA GREEN SAFE<\/span><\/h2>\n<!-- \/wp:heading --><!-- wp:heading {\"level\":3} -->\n<h3 class=\"wp-block-heading\"><span style=\"color: #000000;\"><strong>Avalia\u00e7\u00e3o ambiental e social<\/strong>:<\/span><\/h3>\n<!-- \/wp:heading --><!-- wp:paragraph -->\n<p>\u2022 Avalia\u00e7\u00e3o ambiental e social estrat\u00e9gica;<\/p>\n<!-- \/wp:paragraph --><!-- wp:paragraph -->\n<p>\u2022 Estudos\/avalia\u00e7\u00e3o de impacto ambiental e social;<\/p>\n<!-- \/wp:paragraph --><!-- wp:paragraph -->\n<p>\u2022 Quadros de gest\u00e3o ambiental e social;<\/p>\n<!-- \/wp:paragraph --><!-- wp:paragraph -->\n<p>\u2022 Quadro Pol\u00edtico nacional e internacional de reassentamento; Relat\u00f3rios ambientais;<\/p>\n<!-- \/wp:paragraph --><!-- wp:paragraph -->\n<p>\u2022 Outras avalia\u00e7\u00f5es ambientais e sociais.<\/p>\n<!-- \/wp:paragraph --><!-- wp:heading {\"level\":3} -->\n<h3 class=\"wp-block-heading\">Gest\u00e3o ambiental e social<\/h3>\n<!-- \/wp:heading --><!-- wp:paragraph -->\n<p>\u2022 Elabora\u00e7\u00e3o de Planos de Gest\u00e3o Ambiental e Social;<\/p>\n<!-- \/wp:paragraph --><!-- wp:paragraph -->\n<p>\u2022 Planos de gest\u00e3o de res\u00edduos;<\/p>\n<!-- \/wp:paragraph --><!-- wp:paragraph -->\n<p>\u2022 Planos de sa\u00fade e seguran\u00e7a no trabalho;<\/p>\n<!-- \/wp:paragraph --><!-- wp:paragraph -->\n<p>\u2022 Planos de gest\u00e3o laboral;<\/p>\n<!-- \/wp:paragraph --><!-- wp:paragraph -->\n<p>\u2022 Planos de reassentamento.<\/p>\n<!-- \/wp:paragraph --><!-- wp:heading {\"level\":3} -->\n<h3 class=\"wp-block-heading\">Auditoria<\/h3>\n<!-- \/wp:heading --><!-- wp:paragraph -->\n<p>\u2022 Auditoria para certifica\u00e7\u00e3o em sustentabilidade;<\/p>\n<!-- \/wp:paragraph --><!-- wp:paragraph -->\n<p>\u2022 Auditorias ambientais<\/p>\n<!-- \/wp:paragraph --><!-- wp:heading {\"level\":3} -->\n<h3 class=\"wp-block-heading\">Participa\u00e7\u00e3o p\u00fablica<\/h3>\n<!-- \/wp:heading --><!-- wp:paragraph -->\n<p>\u2022 Planos de Envolvimento das partes Interessadas.<\/p>\n<!-- \/wp:paragraph --><!-- wp:heading {\"level\":3} -->\n<h3 class=\"wp-block-heading\">Conserva\u00e7\u00e3o da natureza e \u00e1reas protegidas<\/h3>\n<!-- \/wp:heading --><!-- wp:paragraph -->\n<p>Planos de gest\u00e3o da biodiversidade.<\/p>\n<!-- \/wp:paragraph --><!-- wp:heading {\"level\":3} -->\n<h3 class=\"wp-block-heading\">Energia<\/h3>\n<!-- \/wp:heading --><!-- wp:paragraph -->\n<p>\u2022 Energia renov\u00e1vel \u2013 Elabora\u00e7\u00e3o de projetos, Instala\u00e7\u00e3o e Servi\u00e7o de Manuten\u00e7\u00e3o; \u2013 Inclus\u00e3o: Energia renov\u00e1vel no meio rural.<\/p>\n<!-- \/wp:paragraph --><!-- wp:paragraph -->\n<p>\u2022 Energia convencional \u2013 Elabora\u00e7\u00e3o de projetos e Instala\u00e7\u00e3o.<\/p>\n<!-- \/wp:paragraph --><!-- wp:paragraph -->\n<p>\u2022 Consultoria em Mudan\u00e7as clim\u00e1ticas \u2013 Assessoria na interpreta\u00e7\u00e3o de compromissos internacionais.<\/p>\n<!-- \/wp:paragraph --><!-- wp:heading {\"level\":3} -->\n<h3 class=\"wp-block-heading\">Turismo sustent\u00e1vel<\/h3>\n<!-- \/wp:heading --><!-- wp:paragraph -->\n<p>\u2022 Assist\u00eancia para solicita\u00e7\u00e3o do selo Turismo Sustent\u00e1vel;<\/p>\n<!-- \/wp:paragraph --><!-- wp:paragraph -->\n<p>\u2022 Assist\u00eancia para certifica\u00e7\u00e3o na norma ISO 14001.<\/p>\n<!-- \/wp:paragraph --><!-- wp:heading {\"level\":3} -->\n<h3 class=\"wp-block-heading\">Forma\u00e7\u00e3o e capacita\u00e7\u00e3o<\/h3>\n<!-- \/wp:heading --><!-- wp:paragraph -->\n<p>\u2022 Gest\u00e3o de res\u00edduos;<\/p>\n<!-- \/wp:paragraph --><!-- wp:paragraph -->\n<p>\u2022 Gest\u00e3o ambiental;<\/p>\n<!-- \/wp:paragraph --><!-- wp:paragraph -->\n<p>\u2022 Energia;<\/p>\n<!-- \/wp:paragraph --><!-- wp:paragraph -->\n<p>\u2022 Turismo Sustent\u00e1vel;<\/p>\n<!-- \/wp:paragraph --><!-- wp:paragraph -->\n<p>\u2022 Mudan\u00e7as clim\u00e1ticas;<\/p>\n<!-- \/wp:paragraph --><!-- wp:paragraph -->\n<p>\u2022 Demais \u00e1reas no quadro da atua\u00e7\u00e3o da GREEN SAFE.<\/p>\n<!-- \/wp:paragraph -->\t\t\t\t\t\t<\/div>\n\t\t\t\t<\/div>\n\t\t\t\t\t<\/div>\n\t\t\t\t<\/div>\n\t\t\t\t<\/div>\n\t\t","protected":false},"excerpt":{"rendered":"<p>A GREEN SAFE \u00e9 uma empresa que opera para o desenvolvimento sustent\u00e1vel, especializado em consultoria e assist\u00eancia t\u00e9cnica no dom\u00ednio ambiental e social. Avalia\u00e7\u00e3o ambiental e social Gest\u00e3o ambiental e social Conserva\u00e7\u00e3o da natureza e \u00e1reas protegidas Turismo sustent\u00e1vel Energia Auditoria \u00c1REA DE ATUA\u00c7\u00c3O DA GREEN SAFE \u2022 Energia renov\u00e1vel; \u2022 Ambiente; \u2022 Turismo Sustent\u00e1vel.<br \/><a class=\"moretag\" href=\"https:\/\/besafegroup.cv\/?page_id=23\">+ Read More<\/a><\/p>\n","protected":false},"author":1,"featured_media":0,"parent":0,"menu_order":0,"comment_status":"closed","ping_status":"closed","template":"templates\/page-fullwidth_template.php","meta":{"footnotes":""},"class_list":["post-23","page","type-page","status-publish","hentry"],"_links":{"self":[{"href":"https:\/\/besafegroup.cv\/index.php?rest_route=\/wp\/v2\/pages\/23","targetHints":{"allow":["GET"]}}],"collection":[{"href":"https:\/\/besafegroup.cv\/index.php?rest_route=\/wp\/v2\/pages"}],"about":[{"href":"https:\/\/besafegroup.cv\/index.php?rest_route=\/wp\/v2\/types\/page"}],"author":[{"embeddable":true,"href":"https:\/\/besafegroup.cv\/index.php?rest_route=\/wp\/v2\/users\/1"}],"replies":[{"embeddable":true,"href":"https:\/\/besafegroup.cv\/index.php?rest_route=%2Fwp%2Fv2%2Fcomments&post=23"}],"version-history":[{"count":25,"href":"https:\/\/besafegroup.cv\/index.php?rest_route=\/wp\/v2\/pages\/23\/revisions"}],"predecessor-version":[{"id":1543,"href":"https:\/\/besafegroup.cv\/index.php?rest_route=\/wp\/v2\/pages\/23\/revisions\/1543"}],"wp:attachment":[{"href":"https:\/\/besafegroup.cv\/index.php?rest_route=%2Fwp%2Fv2%2Fmedia&parent=23"}],"curies":[{"name":"wp","href":"https:\/\/api.w.org\/{rel}","templated":true}]}}